s the remainder when 23484 is divided by 81?
75
Calculate the remainder when 81789 is divided by 610.
49
What is the remainder when 92210 is divided by 86?
18
What is the remainder when 11973 is divided by 11613?
360
Calculate the remainder when 593 is divided by 100.
93
Calculate the remainder when 268880 is divided by 28.
24
What is the remainder when 30967 is divided by 348?
343
Calculate the remainder when 740 is divided by 316.
108
Calculate the remainder when 130952 is divided by 903.
17
Calculate the remainder when 368175 is divided by 61362.
3
Calculate the remainder when 243190 is divided by 2231.
11
What is the remainder when 296800 is divided by 79?
76
Calculate the remainder when 111231 is divided by 1885.
16
Calculate the remainder when 43298 is divided by 50.
48
What is the remainder when 1701934 is divided by 25?
9
What is the remainder when 289496 is divided by 96495?
11
What is the remainder when 27189 is divided by 900?
189
What is the remainder when 621 is divided by 55?
16
What is the remainder when 18028 is divided by 15?
13
Calculate the remainder when 9805 is divided by 2433.
73
What is the remainder when 2231 is divided by 369?
17
What is the remainder when 135778 is divided by 930?
928
Calculate the remainder when 51412 is divided by 451.
449
What is the remainder when 39335 is divided by 178?
175
Calculate the remainder when 4959 is divided by 2468.
23
What is the remainder when 553332 is divided by 111?
108
What is the remainder when 299334 is divided by 517?
508
What is the remainder when 72184 is divided by 12?
4
Calculate the remainder when 9061 is divided by 184.
45
Calculate the remainder when 289705 is divided by 82.
81
What is the remainder when 5286 is divided by 1737?
75
What is the remainder when 54855 is divided by 27423?
9
What is the remainder when 13673 is divided by 15?
8
What is the remainder when 13200 is divided by 4?
0
Calculate the remainder when 26545 is divided by 8841.
22
What is the remainder when 1272 is divided by 722?
550
Calculate the remainder when 260642 is divided by 991.
9
What is the remainder when 977 is divided by 125?
102
Calculate the remainder when 952 is divided by 185.
27
What is the remainder when 6851 is divided by 36?
11
Calculate the remainder when 21574 is divided by 7187.
13
What is the remainder when 6897 is divided by 21?
9
What is the remainder when 982 is divided by 957?
25
What is the remainder when 52350 is divided by 26157?
36
Calculate the remainder when 85243 is divided by 523.
517
Calculate the remainder when 239 is divided by 67.
38
What is the remainder when 144984 is divided by 539?
532
Calculate the remainder when 34972 is divided by 58.
56
What is the remainder when 341631 is divided by 312?
303
Calculate the remainder when 13531 is divided by 53.
16
What is the remainder when 54008 is divided by 8996?
32
What is the remainder when 2384 is divided by 1167?
50
Calculate the remainder when 279539 is divided by 134.
15
What is the remainder when 7709 is divided by 25?
9
Calculate the remainder when 205386 is divided by 25673.
2
Calculate the remainder when 4412 is divided by 720.
92
What is the remainder when 7405 is divided by 1479?
10
Calculate the remainder when 102778 is divided by 25687.
30
What is the remainder when 10485 is divided by 10424?
61
Calculate the remainder when 69038 is divided by 48.
14
What is the remainder when 17669 is divided by 1443?
353
Calculate the remainder when 500 is divided by 466.
34
What is the remainder when 25438 is divided by 1207?
91
What is the remainder when 198848 is divided by 29?
24
What is the remainder when 31490 is divided by 984?
2
What is the remainder when 292938 is divided by 711?
6
What is the remainder when 5347 is divided by 232?
11
Calculate the remainder when 43976 is divided by 188.
172
What is the remainder when 889 is divided by 159?
94
What is the remainder when 2648015 is divided by 7?
6
Calculate the remainder when 20942 is divided by 255.
32
What is the remainder when 3486 is divided by 3442?
44
What is the remainder when 11868047 is divided by 9?
8
What is the remainder when 42148 is divided by 75?
73
What is the remainder when 19891 is divided by 452?
3
What is the remainder when 91532 is divided by 16?
12
Calculate the remainder when 28875 is divided by 102.
9
Calculate the remainder when 22398 is divided by 17.
9
Calculate the remainder when 1945542 is divided by 578.
572
What is the remainder when 2466 is divided by 55?
46
Calculate the remainder when 50987 is divided by 58.
5
What is the remainder when 601564 is divided by 119?
19
Calculate the remainder when 1217 is divided by 7.
6
Calculate the remainder when 1628 is divided by 21.
11
What is the remainder when 9358 is divided by 1082?
702
What is the remainder when 29479 is divided by 26?
21
Calculate the remainder when 141375 is divided by 71.
14
Calculate the remainder when 621759 is divided by 1340.
1339
What is the remainder when 19854 is divided by 63?
9
What is the remainder when 60162 is divided by 89?
87
What is the remainder when 405501 is divided by 173?
162
Calculate the remainder when 2883 is divided by 493.
418
What is the remainder when 153251 is divided by 178?
171
What is the remainder when 1034020 is divided by 1194?
16
What is the remainder when 7184 is divided by 79?
74
Calculate the remainder when 113109 is divided by 1109.
1100
Calculate the remainder when 193652 is divided by 23.
15
Calculate the remainder when 43706 is divided by 196.
194
What is the remainder when 5782 is divided by 42?
28
Calculate the remainder when 53579 is divided by 57.
56
What is the remainder when 6788 is divided by 73?
72
Calculate the remainder when 3222456 is divided by 19.
18
What is the remainder when 1650 is divided by 65?
25
What is the remainder when 86582 is divided by 5?
2
What is the remainder when 12761 is divided by 415?
311
What is the remainder when 79758 is divided by 26567?
57
What is the remainder when 1399864 is divided by 13?
11
Calculate the remainder when 1992 is divided by 220.
12
Calculate the remainder when 130907 is divided by 45.
2
Calculate the remainder when 2160 is divided by 2135.
25
What is the remainder when 259343 is divided by 130?
123
What is the remainder when 7761 is divided by 770?
61
Calculate the remainder when 76811 is divided by 692.
691
Calculate the remainder when 9534 is divided by 308.
294
What is the remainder when 5536 is divided by 77?
69
What is the remainder when 27750 is divided by 76?
10
Calculate the remainder when 35782 is divided by 168.
166
What is the remainder when 4298 is divided by 780?
398
Calculate the remainder when 238403 is divided by 79464.
11
What is the remainder when 3389 is divided by 240?
29
Calculate the remainder when 507632 is divided by 169205.
17
Calculate the remainder when 18164 is divided by 10.
4
What is the remainder when 10641 is divided by 11?
4
Calculate the remainder when 68438 is divided by 815.
793
What is the remainder when 463176 is divided by 52?
12
What is the remainder when 12515 is divided by 6053?
409
Calculate the remainder when 18387 is divided by 436.
75
What is the remainder when 962745 is divided by 1134?
1113
What is the remainder when 28726 is divided by 3158?
304
What is the remainder when 17199 is divided by 42?
21
Calculate the remainder when 83566 is divided by 5222.
14
What is the remainder when 67787 is divided by 192?
11
What is the remainder when 35766 is divided by 68?
66
Calculate the remainder when 2260 is divided by 749.
13
What is the remainder when 5648 is divided by 1623?
779
Calculate the remainder when 14635 is divided by 47.
18
Calculate the remainder when 1978 is divided by 32.
26
What is the remainder when 157 is divided by 25?
7
Calculate the remainder when 93894 is divided by 121.
119
Calculate the remainder when 14297 is divided by 143.
140
What is the remainder when 131426 is divided by 463?
397
Calculate the remainder when 31852 is divided by 198.
172
What is the remainder when 140627 is divided by 70?
67
What is the remainder when 16492 is divided by 1043?
847
What is the remainder when 11591 is divided by 72?
71
What is the remainder when 99673 is divided by 15?
13
What is the remainder when 1409 is divided by 